ed by 76?
75
Let b be 4 + 26/(-8) + 52/16. Suppose 8*g - 2*y - 364 = b*g, 5*g - 2*y = 453. Calculate the remainder when g is divided by 9.
8
Let c(x) = -28*x**2 + 1. Let h be c(1). Let d = h + 46. Suppose -114 = -5*b + 256. Calculate the remainder when b is divided by d.
17
Calculate the remainder when 176 is divided by 25/(675/(-243)) + 50 + 0.
12
What is the remainder when ((-2200)/(-66))/(-2 + 64/30) is divided by 14?
12
Suppose 5*v + 3*q - 126 = 0, -2*q - 156 = -3*v - 88. Suppose 4*x = w - 2*w + 141, -5*x - 5*w = -180. What is the remainder when x is divided by v?
11
Suppose 0 = -3*k + 6*v - 9*v + 4677, -5*k + 3*v = -7779. What is the remainder when k is divided by 8?
5
Suppose 0 = -a + 2*p + 7, 3*a - 5 = -0*a - 2*p. Suppose -236 = -a*l + 94. Let o(d) = d**2 - 40*d + 203. Calculate the remainder when l is divided by o(35).
26
Suppose -151 = -4*g + 4*h + 41, 4*g = -2*h + 210. Let o = -86 + 93. Suppose 299 = 30*p - o*p. Calculate the remainder when g is divided by p.
12
Let o be (248/(-12))/(4/6). Let r = o + 37. What is the remainder when 11 + 0 - (-2 + -2) is divided by r?
3
Let f(u) = -u**3 - 5*u**2 - 5*u - 4. Let w be f(-4). Suppose 4*k - 9 + 13 = w. Calculate the remainder when (-135)/k + (-3 - -1) is divided by 27.
25
Suppose -o = -3*z - 1153, 91*o - z - 4568 = 87*o. Calculate the remainder when o is divided by 371.
28
Suppose -7*b + 11682 = 11*b. Calculate the remainder when b is divided by 47.
38
Suppose k - 7 - 14 = 0. Let v be (-3)/(21/119)*(1 + 0). Let h = 21 + v. Calculate the remainder when k is divided by h.
1
Let a(m) = -2*m**3 - 195*m**2 - 103*m - 79. Calculate the remainder when a(-97) is divided by 1/(-2) + (-186)/(-4).
43
Suppose 150 - 737 = -69*y + 2794. Calculate the remainder when 261 is divided by y.
16
Let t = 566 + -552. Let a(m) = -m**3 + 16*m**2 - 27*m + 2. Calculate the remainder when a(t) is divided by 13.
3
Suppose -10 = -16*z + 35 + 3. Calculate the remainder when 53 is divided by z.
2
What is the remainder when 8 + -15 - (-531 - 4) is divided by 136?
120
Suppose -103572 = -145*m + 37*m. What is the remainder when m is divided by 42?
35
Let u = 14 - -9. What is the remainder when ((-476)/(-21))/((-14)/(-42)) is divided by u?
22
Suppose -4*u - 5*r - 16 = 0, -2*r + r = 3*u + 1. Calculate the remainder when 16 is divided by u.
0
Suppose -2*g + 6*g - 136 = 0. Let h be (336/(-70))/((-21)/(-70)). Let x = h + g. Calculate the remainder when 50 is divided by x.
14
Suppose -5*g = -2*g - 30. What is the remainder when -42*g/(-15) + 3 + -1 is divided by (-20)/6*24/(-5)?
14
Suppose -5*d - 47*a + 48*a + 1213 = 0, -3*a + 6 = 0. What is the remainder when d is divided by 21?
12
Suppose -4*i + 2*q - 39 + 717 = 0, -5*i - 2*q = -852. Calculate the remainder when 499 is divided by i.
159
Suppose 0*v + 2*z = -v - 49, 4*v + 2*z + 190 = 0. Let t = 40 + v. What is the remainder when 2/t - 2565/(-133) is divided by 7?
5
Suppose 19*u - 33*u = 75*u - 1691. Calculate the remainder when 20 is divided by u.
1
Let q = 28 + -20. Let c(s) = 19*s**2 - 16*s - 9. Let z be c(-4). Suppose 5*y + r = z, -3*r + r = -y + 63. Calculate the remainder when y is divided by q.
7
Let w(d) = -100*d**2 - 3*d - 10. Let h be w(-2). Let v = -224 - h. What is the remainder when v is divided by 61?
58
Suppose 30 - 81 = -3*l. Let z = 438 - -57. Suppose -92*n + z = -87*n. What is the remainder when n is divided by l?
14
Suppose -5*n = -w + 443 - 306, 0 = -4*n + 12. Calculate the remainder when w is divided by 48.
8
Suppose 3*w + 7612 = 5*j, -2*w + 6*w - 3024 = -2*j. Suppose 0 = 3*c + 4*a - j + 487, 1740 = 5*c + 3*a. What is the remainder when c is divided by 71?
67
Let n be -554 + (-1)/(-2) + (-45)/(-18). Let c = n + 563. What is the remainder when 44 is divided by c?
8
Suppose -128*h = -179*h + 1020. Let d = 88 - 57. What is the remainder when d is divided by h?
11
Let u = 246 + -246. Suppose 93*b - 87*b - 1530 = u. Calculate the remainder when b is divided by 68.
51
Suppose 0 = -4*t + k + 34, 4*k + 13 = t - 3. Suppose d = -2*c + 56, -5*d = c - 4*c - 215. What is the remainder when d is divided by t?
6
What is the remainder when ((-1848)/(-588))/(2/70) is divided by 13?
6
Let i be -6*(-3)/((-9)/(-3) + -6). Let y(p) = -p**3 - 6*p**2 - 4*p + 18. Let h be y(i). Let f = h - 6. Calculate the remainder when 142 is divided by f.
34
Suppose -79*s - 361 + 2013 = -20*s. What is the remainder when 643 is divided by s?
27
Suppose 2*k - 33 = z, 0 = -4*k + 3*z - 0*z + 71. Suppose 8 = -2*t + 12. What is the remainder when t/9 + ((-1371)/(-27) - -2) is divided by k?
11
Let v(w) = -3*w**2 - 15*w - 47. Let c(i) = 4*i**2 + 16*i + 45. Let x(y) = 4*c(y) + 5*v(y). What is the remainder when x(16) is divided by 15?
10
Let v(h) = -2*h + 104. Let w be v(19). Calculate the remainder when 320 is divided by (-22)/w - 120/(-9).
8
Suppose 7*w - 479 + 1312 = 0. Let n = w - -121. Let y(r) = -r**2 + 9*r - 3. Calculate the remainder when y(8) is divided by n.
1
Suppose 0 = -2*y - p - 0*p + 11, 4*y - 4*p = 52. Suppose -2*b - 3*b + 34 = -2*s, 0 = -3*s - 6. Calculate the remainder when 178/b + 12/(-18) is divided by y.
5
Let n = 40 + -46. What is the remainder when 42 is divided by n + (6 - 2 - -13)?
9
Let b(y) be the second derivative of -y**3/3 + 17*y**2/2 + 21*y. Let f be b(10). What is the remainder when 22*f*(16/12 + -2) is divided by 25?
19
Let a(s) = 147*s**3 + 10*s - 9. Calculate the remainder when a(2) is divided by 86.
69
Suppose 30 = 13*m - 9*m + 6. What is the remainder when 501 is divided by m?
3
Let q(v) = -36*v + 933. Calculate the remainder when q(20) is divided by 82.
49
Suppose -60*y + 210 = -18*y. Suppose y*u + 4*z - 281 = 0, -2*u = u + z - 170. Calculate the remainder when u is divided by 25.
7
Let b(z) = 28*z**3 + 5*z**2 - z - 5. Let d be b(-1). Let j be 328/6 - 3/(-9). Let s = d + j. What is the remainder when 54 is divided by s?
26
Suppose -c + 18 = -2*b, 3*c = 7*c - 3*b - 62. Let d = 3249 - 2076. Calculate the remainder when d is divided by c.
11
Let b(i) = 11*i**3 - 2*i**2 + 6*i - 4. Let f be b(1). Let c(x) = -2*x**2 + 27*x - 8. Calculate the remainder when 128 is divided by c(f).
34
Let k be 21/(-28)*84/(-9). Let y(j) = -5*j + 67. Calculate the remainder when 60 is divided by y(k).
28
Let g(o) = o**3 + 4*o**2 - 9*o - 17. Let m be g(-5). Suppose -4*i = -m*p + 182, 21*i - 116 = -2*p + 25*i. Calculate the remainder when 175 is divided by p.
43
Suppose -3*q - 3*j = 210, q = j - 48 - 32. Let p = -348 - -358. What is the remainder when 5/(q/(-95))*3 is divided by p?
9
Suppose 0 = -2*c + 2*d - 80, 3*c - 36 = -d - 176. Let n = -17 - c. Suppose 2*l + 9 = 21. Calculate the remainder when n is divided by l.
4
Let c(m) = 25*m + 157. Let p(f) = -4*f + 57. Calculate the remainder when c(-6) is divided by p(13).
2
Let k = -7113 - -7030. Let o be (1 - -15)*26/4. Let u = o + k. Calculate the remainder when 103 is divided by u.
19
Suppose 6*l + 494 = -3*z + 4*l, -3*z + 3*l - 519 = 0. Let a = z - -319. Calculate the remainder when a is divided by 26.
21
Let h(u) = u**3 - 6*u**2 + 15*u - 4. Suppose -5*j + 18*j - 65 = 0. Let m be h(j). Suppose 0 = -11*o + 9*o + m. Calculate the remainder when 90 is divided by o.
21
Suppose 9*r = 27*r - 36. Suppose -r*k - 41 = -3*o, -4*o + 0*o = -k - 48. Let z = 121 + -68. What is the remainder when z is divided by o?
9
Let c be (-6)/9 - 3*6/(-27). Suppose 4*v + c*z = -z + 131, v - 4*z - 37 = 0. What is the remainder when v is divided by 24?
9
Suppose 5*i + 12 = -13, -5*a - 5*i + 20 = 0. Let w(u) = 14*u - 78. What is the remainder when 92 is divided by w(a)?
44
Suppose 0 = -35*z + 1750 + 1804 + 5301. Calculate the remainder when 513 is divided by z.
7
Let i = 10 - 5. Let y(b) = 157*b**2. Let s be y(1). Suppose -s*t + 142*t = -195. What is the remainder when t is divided by i?
3
Suppose 199 = 3*i - v, -v + 94 = 4*i - 176. Calculate the remainder when 504 is divided by i.
35
Suppose 2 - 5 = 3*x. Let l(f) = -f - 32. Let j(k) = -1. Let s(y) = x*l(y) + 4*j(y). What is the remainder when s(-12) is divided by 4?
0
Suppose 4*x - 217 = -41. Suppose -o - 11*c + 130 = -9*c, 106 = o - 4*c. Calculate the remainder when x is divided by -2*(-3)/(-36) + o/12.
4
Let u(r) = 8*r - 23. Let l(x) = x**2 - 5*x - 8. Let s be l(-6). Let k = 65 - s. What is the remainder when 97 is di